common factor of 592 and 2704.
16
What is the highest common factor of 1216 and 3553?
19
What is the greatest common divisor of 6835 and 10?
5
Calculate the highest common divisor of 127 and 410845.
127
What is the highest common factor of 9136 and 5536?
16
Calculate the highest common divisor of 30375 and 486.
243
Calculate the greatest common factor of 54273 and 474.
237
What is the greatest common divisor of 44 and 25982?
22
Calculate the greatest common factor of 641667 and 13.
13
What is the highest common divisor of 201 and 59228?
67
Calculate the highest common divisor of 16425955 and 65.
65
What is the greatest common factor of 1430 and 1640?
10
Calculate the highest common factor of 116285 and 195.
65
Calculate the greatest common factor of 697 and 24887.
41
What is the highest common divisor of 1107 and 1737621?
369
What is the greatest common factor of 168 and 60744?
24
Calculate the highest common factor of 3630 and 52998.
726
Calculate the greatest common factor of 400 and 48816.
16
Calculate the greatest common factor of 153868 and 45188.
572
What is the greatest common divisor of 25676 and 769363?
917
What is the highest common divisor of 2195 and 5549399?
439
What is the greatest common divisor of 75432 and 17304?
168
Calculate the greatest common divisor of 12406646 and 14.
14
Calculate the highest common divisor of 355 and 363520.
355
Calculate the highest common divisor of 4892446 and 52.
26
What is the greatest common factor of 916 and 14788?
4
What is the greatest common divisor of 266 and 53409?
19
What is the greatest common divisor of 276381 and 82?
41
What is the highest common factor of 15952 and 192?
16
Calculate the highest common divisor of 7868 and 49.
7
What is the greatest common divisor of 105 and 25746?
21
What is the highest common divisor of 1552 and 33562?
194
Calculate the greatest common factor of 220 and 68800.
20
Calculate the highest common factor of 16592 and 1141737.
1037
What is the greatest common factor of 489029 and 37?
37
Calculate the highest common factor of 291708 and 53874.
1314
What is the greatest common factor of 3847391 and 1354?
677
What is the highest common divisor of 52373 and 5048?
631
What is the greatest common divisor of 526900 and 400?
100
What is the highest common factor of 24 and 3464?
8
Calculate the greatest common factor of 377 and 19517.
29
What is the greatest common divisor of 1620 and 814860?
1620
Calculate the highest common divisor of 3939 and 2301.
39
What is the greatest common factor of 84966 and 9?
3
What is the greatest common divisor of 226260 and 3132?
108
Calculate the highest common divisor of 387630 and 826.
118
What is the greatest common factor of 489208 and 8?
8
What is the greatest common factor of 16043 and 1342?
61
What is the greatest common divisor of 626 and 6?
2
Calculate the greatest common factor of 113602 and 158.
158
Calculate the highest common divisor of 162 and 87840.
18
Calculate the greatest common factor of 3230 and 542.
2
What is the highest common factor of 260721 and 531?
531
Calculate the greatest common divisor of 4752 and 224496.
144
Calculate the greatest common factor of 3784 and 44.
44
What is the highest common factor of 536 and 3032?
8
What is the greatest common divisor of 29587 and 2?
1
Calculate the greatest common factor of 17201 and 16789.
103
What is the greatest common factor of 174752 and 61976?
1016
What is the greatest common divisor of 642 and 224058?
642
What is the greatest common factor of 122 and 73322?
122
Calculate the highest common divisor of 163077 and 19.
19
What is the highest common divisor of 575911 and 58?
29
Calculate the highest common factor of 34100 and 45.
5
Calculate the greatest common divisor of 290 and 157470.
290
What is the greatest common divisor of 58650 and 34425?
1275
What is the highest common factor of 792 and 34166?
22
What is the greatest common factor of 25 and 77?
1
Calculate the greatest common divisor of 3495 and 8621.
233
What is the greatest common factor of 321816 and 33?
33
What is the greatest common divisor of 6 and 15154?
2
What is the highest common divisor of 12 and 6073428?
12
What is the highest common factor of 50 and 257105?
5
Calculate the highest common divisor of 366767 and 44677.
1039
What is the highest common factor of 3630 and 7590?
330
What is the greatest common divisor of 159300 and 3510?
270
Calculate the greatest common factor of 75905 and 76.
19
Calculate the greatest common divisor of 38 and 49799.
19
Calculate the greatest common factor of 139315 and 2980.
745
What is the highest common factor of 18 and 4335291?
9
Calculate the greatest common divisor of 48620 and 1020.
340
What is the greatest common factor of 5 and 7773?
1
Calculate the greatest common factor of 32734 and 3497.
13
Calculate the greatest common factor of 66299 and 397.
397
What is the highest common factor of 69034 and 7?
7
Calculate the highest common divisor of 351 and 51363.
117
What is the greatest common divisor of 537 and 69094?
179
What is the highest common divisor of 42 and 777?
21
What is the highest common factor of 399 and 7619?
19
What is the greatest common factor of 320 and 55488?
64
What is the greatest common divisor of 1125 and 13122?
9
What is the highest common divisor of 8957 and 583?
53
Calculate the highest common factor of 1200366 and 270.
54
Calculate the greatest common factor of 1500 and 140500.
500
Calculate the greatest common factor of 65 and 730775.
5
Calculate the highest common divisor of 3081792 and 56.
56
What is the greatest common factor of 870 and 266610?
30
What is the greatest common factor of 97240 and 6035?
85
What is the greatest common divisor of 176 and 24629?
11
What is the greatest common factor of 420 and 12495?
105
Calculate the highest common factor of 35557 and 304637.
961
Calculate the highest common factor of 36330 and 84.
42
Calculate the greatest common factor of 54417 and 77.
11
Calculate the highest common factor of 22009 and 208.
13
What is the greatest common factor of 530 and 10365?
5
What is the highest common factor of 51510 and 1530?
510
What is the highest common divisor of 393 and 1050?
3
What is the highest common divisor of 12 and 4544292?
12
What is the greatest common factor of 182351 and 83?
83
What is the highest common factor of 3017091 and 99?
33
Calculate the greatest common divisor of 2935 and 35807.
587
What is the highest common divisor of 9 and 23481?
9
Calculate the greatest common divisor of 115 and 222295.
115
Calculate the greatest common divisor of 1969 and 847.
11
Calculate the greatest common divisor of 207 and 117346.
23
Calculate the highest common factor of 314951 and 182.
91
Calculate the highest common factor of 1275 and 32025.
75
Calculate the greatest common factor of 102706 and 2314.
178
Calculate the highest common divisor of 174043 and 31056.
647
Calculate the greatest common factor of 594 and 70092.
594
What is the highest common factor of 52 and 186550?
26
Calculate the highest common factor of 8589 and 749.
7
What is the highest common divisor of 1083 and 291?
3
What is the highest common divisor of 105405 and 120?
15
What is the greatest common divisor of 5 and 190615?
5
What is the highest common divisor of 899186 and 62?
62
Calculate the greatest common divisor of 132 and 1301344.
44
What is the greatest common divisor of 9198387 and 27?
27
Calculate the greatest common divisor of 4242 and 4746.
42
Calculate the highest common factor of 41416 and 9920.
248
What is the greatest common factor of 79 and 54115?
79
What is the greatest common factor of 657 and 441?
9
What is the greatest common factor of 60 and 4332?
12
Calculate the highest common factor of 42822 and 130.
26
What is the greatest common divisor of 167693 and 1587?
529
Calculate the greatest common factor of 22536 and 27.
9
What is the highest common divisor of 3621 and 153?
51
What is the greatest common factor of 832 and 803504?
208
What is the greatest common factor of 17075 and 4475?
25
What is the highest common divisor of 697518 and 27?
27
Calculate the highest common divisor of 3445 and 15665.
65
What is the greatest common factor of 126180 and 1620?
180
What is the highest common divisor of 51460 and 16740?
620
